{"id":48,"date":"2025-09-02T09:09:51","date_gmt":"2025-09-02T09:09:51","guid":{"rendered":"https:\/\/idhcapital.fr\/?page_id=48"},"modified":"2025-09-02T13:22:07","modified_gmt":"2025-09-02T13:22:07","slug":"accueil","status":"publish","type":"page","link":"https:\/\/idhcapital.fr\/","title":{"rendered":"Accueil"},"content":{"rendered":"\n<div class=\"wp-block-cover alignfull is-light hestia-clear-top-padding\"><span aria-hidden=\"true\" class=\"wp-block-cover__background has-white-background-color has-background-dim-100 has-background-dim\"><\/span><div class=\"wp-block-cover__inner-container is-layout-flow wp-block-cover-is-layout-flow\">\n<h2 class=\"wp-block-heading has-text-align-center has-text-color\" style=\"color:#3c4858\">Les entreprises recherch\u00e9es<\/h2>\n\n\n\n<div style=\"height:40px\" aria-hidden=\"true\" class=\"wp-block-spacer\"><\/div>\n\n\n\n<div class=\"wp-block-columns container is-layout-flex wp-container-core-columns-is-layout-28f84493 wp-block-columns-is-layout-flex\">\n<div class=\"wp-block-column is-layout-flow wp-block-column-is-layout-flow\"><div class=\"wp-block-image is-style-default\">\n<figure class=\"aligncenter size-full is-resized\"><img loading=\"lazy\" decoding=\"async\" width=\"224\" height=\"224\" src=\"https:\/\/idhcapital.fr\/wp-content\/uploads\/2025\/09\/secteurs-1.png\" alt=\"\" class=\"wp-image-66\" style=\"width:66px;height:auto\" srcset=\"https:\/\/idhcapital.fr\/wp-content\/uploads\/2025\/09\/secteurs-1.png 224w, https:\/\/idhcapital.fr\/wp-content\/uploads\/2025\/09\/secteurs-1-150x150.png 150w\" sizes=\"auto, (max-width: 224px) 100vw, 224px\" \/><\/figure>\n<\/div>\n\n\n<h5 class=\"wp-block-heading has-text-align-center has-text-color\" style=\"color:#3c4858;font-size:18px\">Secteurs<\/h5>\n\n\n\n<p class=\"has-text-align-center has-text-color\" style=\"color:#999999;font-size:14px\">De par nos parcours et app\u00e9tences, nous ciblons les secteurs de l&rsquo;Industrie : (PME manufacturi\u00e8res, sous-traitance industrielle, \u00e9quipementiers, DM), la Logistique sp\u00e9cialis\u00e9e et les Services BtoB (Prestations techniques, maintenance industrielle, services aux entreprises) <\/p>\n\n\n\n<div style=\"height:25px\" aria-hidden=\"true\" class=\"wp-block-spacer\"><\/div>\n<\/div>\n\n\n\n<div class=\"wp-block-column is-layout-flow wp-block-column-is-layout-flow\"><div class=\"wp-block-image\">\n<figure class=\"aligncenter size-large is-resized\"><img loading=\"lazy\" decoding=\"async\" width=\"1024\" height=\"1024\" src=\"https:\/\/idhcapital.fr\/wp-content\/uploads\/2025\/09\/HdF-1024x1024.jpg\" alt=\"\" class=\"wp-image-67\" style=\"width:64px;height:auto\" srcset=\"https:\/\/idhcapital.fr\/wp-content\/uploads\/2025\/09\/HdF-1024x1024.jpg 1024w, https:\/\/idhcapital.fr\/wp-content\/uploads\/2025\/09\/HdF-300x300.jpg 300w, https:\/\/idhcapital.fr\/wp-content\/uploads\/2025\/09\/HdF-150x150.jpg 150w, https:\/\/idhcapital.fr\/wp-content\/uploads\/2025\/09\/HdF-768x768.jpg 768w, https:\/\/idhcapital.fr\/wp-content\/uploads\/2025\/09\/HdF.jpg 1080w\" sizes=\"auto, (max-width: 1024px) 100vw, 1024px\" \/><\/figure>\n<\/div>\n\n\n<h5 class=\"wp-block-heading has-text-align-center has-text-color\" style=\"color:#3c4858;font-size:18px\">Localisation<\/h5>\n\n\n\n<p class=\"has-text-align-center has-text-color\" style=\"color:#999999;font-size:14px\">Nous ciblons les Hauts-de-France et plus particuli\u00e8rement le triangle Lens &#8211; Arras &#8211; Valenciennes &#8211; Saint-Omer<\/p>\n\n\n\n<div style=\"height:25px\" aria-hidden=\"true\" class=\"wp-block-spacer\"><\/div>\n<\/div>\n\n\n\n<div class=\"wp-block-column is-layout-flow wp-block-column-is-layout-flow\"><div class=\"wp-block-image\">\n<figure class=\"aligncenter size-large is-resized\"><img loading=\"lazy\" decoding=\"async\" width=\"1024\" height=\"812\" src=\"https:\/\/idhcapital.fr\/wp-content\/uploads\/2025\/09\/CA-1024x812.png\" alt=\"\" class=\"wp-image-68\" style=\"width:79px;height:auto\" srcset=\"https:\/\/idhcapital.fr\/wp-content\/uploads\/2025\/09\/CA-1024x812.png 1024w, https:\/\/idhcapital.fr\/wp-content\/uploads\/2025\/09\/CA-300x238.png 300w, https:\/\/idhcapital.fr\/wp-content\/uploads\/2025\/09\/CA-768x609.png 768w, https:\/\/idhcapital.fr\/wp-content\/uploads\/2025\/09\/CA-1536x1218.png 1536w, https:\/\/idhcapital.fr\/wp-content\/uploads\/2025\/09\/CA-2048x1624.png 2048w\" sizes=\"auto, (max-width: 1024px) 100vw, 1024px\" \/><\/figure>\n<\/div>\n\n\n<h5 class=\"wp-block-heading has-text-align-center has-text-color\" style=\"color:#3c4858;font-size:18px\">Taille cible<\/h5>\n\n\n\n<p class=\"has-text-align-center has-text-color\" style=\"color:#999999;font-size:14px\">Chiffre d&rsquo;affaires de 5 \u00e0 15 M\u20ac \/ Effectif de 20 \u00e0 100 salari\u00e9s<\/p>\n\n\n\n<div style=\"height:25px\" aria-hidden=\"true\" class=\"wp-block-spacer\"><\/div>\n<\/div>\n<\/div>\n\n\n\n<div style=\"height:40px\" aria-hidden=\"true\" class=\"wp-block-spacer\"><\/div>\n<\/div><\/div>\n","protected":false},"excerpt":{"rendered":"","protected":false},"author":2,"featured_media":0,"parent":0,"menu_order":0,"comment_status":"closed","ping_status":"closed","template":"","meta":{"_themeisle_gutenberg_block_has_review":false,"footnotes":""},"class_list":["post-48","page","type-page","status-publish","hentry"],"_links":{"self":[{"href":"https:\/\/idhcapital.fr\/index.php?rest_route=\/wp\/v2\/pages\/48","targetHints":{"allow":["GET"]}}],"collection":[{"href":"https:\/\/idhcapital.fr\/index.php?rest_route=\/wp\/v2\/pages"}],"about":[{"href":"https:\/\/idhcapital.fr\/index.php?rest_route=\/wp\/v2\/types\/page"}],"author":[{"embeddable":true,"href":"https:\/\/idhcapital.fr\/index.php?rest_route=\/wp\/v2\/users\/2"}],"replies":[{"embeddable":true,"href":"https:\/\/idhcapital.fr\/index.php?rest_route=%2Fwp%2Fv2%2Fcomments&post=48"}],"version-history":[{"count":1,"href":"https:\/\/idhcapital.fr\/index.php?rest_route=\/wp\/v2\/pages\/48\/revisions"}],"predecessor-version":[{"id":69,"href":"https:\/\/idhcapital.fr\/index.php?rest_route=\/wp\/v2\/pages\/48\/revisions\/69"}],"wp:attachment":[{"href":"https:\/\/idhcapital.fr\/index.php?rest_route=%2Fwp%2Fv2%2Fmedia&parent=48"}],"curies":[{"name":"wp","href":"https:\/\/api.w.org\/{rel}","templated":true}]}}